{"id":98,"date":"2017-01-25T12:08:37","date_gmt":"2017-01-25T11:08:37","guid":{"rendered":"http:\/\/s658529983.online.de\/logopaedie\/?page_id=98"},"modified":"2017-04-20T10:47:54","modified_gmt":"2017-04-20T09:47:54","slug":"gera-anfahrt","status":"publish","type":"page","link":"https:\/\/logopaedie-hoeber.de\/?page_id=98","title":{"rendered":"Gera Anfahrt"},"content":{"rendered":"<p>Im Hof des \u00c4rztehauses finden Sie zahlreiche Parkpl\u00e4tze. Einfahrt \u00fcber die Schrankenanlage in der Bert-Brecht-Stra\u00dfe.<\/p>\n<p>Standort und Routenplanung bei <a href=\"https:\/\/www.google.de\/maps\/place\/Johannes-R.-Becher-Stra\u00dfe+1,+07546+Gera\">Google Maps<\/a>.<\/p>\n","protected":false},"excerpt":{"rendered":"<p>Im Hof des \u00c4rztehauses finden Sie zahlreiche Parkpl\u00e4tze. Einfahrt \u00fcber die Schrankenanlage in der Bert-Brecht-Stra\u00dfe. Standort und Routenplanung bei Google Maps.<\/p>\n","protected":false},"author":3,"featured_media":0,"parent":0,"menu_order":0,"comment_status":"closed","ping_status":"closed","template":"","meta":{"footnotes":""},"class_list":["post-98","page","type-page","status-publish","hentry"],"_links":{"self":[{"href":"https:\/\/logopaedie-hoeber.de\/index.php?rest_route=\/wp\/v2\/pages\/98","targetHints":{"allow":["GET"]}}],"collection":[{"href":"https:\/\/logopaedie-hoeber.de\/index.php?rest_route=\/wp\/v2\/pages"}],"about":[{"href":"https:\/\/logopaedie-hoeber.de\/index.php?rest_route=\/wp\/v2\/types\/page"}],"author":[{"embeddable":true,"href":"https:\/\/logopaedie-hoeber.de\/index.php?rest_route=\/wp\/v2\/users\/3"}],"replies":[{"embeddable":true,"href":"https:\/\/logopaedie-hoeber.de\/index.php?rest_route=%2Fwp%2Fv2%2Fcomments&post=98"}],"version-history":[{"count":4,"href":"https:\/\/logopaedie-hoeber.de\/index.php?rest_route=\/wp\/v2\/pages\/98\/revisions"}],"predecessor-version":[{"id":255,"href":"https:\/\/logopaedie-hoeber.de\/index.php?rest_route=\/wp\/v2\/pages\/98\/revisions\/255"}],"wp:attachment":[{"href":"https:\/\/logopaedie-hoeber.de\/index.php?rest_route=%2Fwp%2Fv2%2Fmedia&parent=98"}],"curies":[{"name":"wp","href":"https:\/\/api.w.org\/{rel}","templated":true}]}}