{"id":460,"date":"2021-04-12T12:39:38","date_gmt":"2021-04-12T11:39:38","guid":{"rendered":"https:\/\/logopaedie-hoeber.de\/?page_id=460"},"modified":"2021-04-12T12:39:38","modified_gmt":"2021-04-12T11:39:38","slug":"therapieunterstuetzung-mit-doterra-oelen","status":"publish","type":"page","link":"https:\/\/logopaedie-hoeber.de\/?page_id=460","title":{"rendered":"Therapieunterst\u00fctzung mit d\u014dTERRA-\u00d6len"},"content":{"rendered":"<p>Aetherische \u00d6le k\u00f6nnen k\u00f6rperliche und psychische Prozesse unterst\u00fctzen. Beispielsweise bei Problmen mit der Stimme, zur Steigerung der Konzentrationsf\u00e4higkeit und zur Unterst\u00fctzung bei neurologischen Erkrankungen kommen therapeutische aetherische \u00d6le von d\u014dTERRA in unserer Praxis zum Einsatz.<\/p>\n<p>Ihre Ansprechpartnerinnen in unseren Praxen:<br \/>\nFrau A. St\u00f6ckel 036605-133724 und<br \/>\nFrau N. H\u00f6ber 036601-219890<\/p>\n<p><a href=\"https:\/\/oelverliebt.biz\/\">oelverliebt.biz<\/a><\/p>\n","protected":false},"excerpt":{"rendered":"<p>Aetherische \u00d6le k\u00f6nnen k\u00f6rperliche und psychische Prozesse unterst\u00fctzen. Beispielsweise bei Problmen mit der Stimme, zur Steigerung der Konzentrationsf\u00e4higkeit und zur Unterst\u00fctzung bei neurologischen Erkrankungen kommen therapeutische aetherische \u00d6le von d\u014dTERRA in unserer Praxis zum Einsatz. Ihre Ansprechpartnerinnen in unseren Praxen: Frau A. St\u00f6ckel 036605-133724 und Frau N. H\u00f6ber 036601-219890 oelverliebt.biz<\/p>\n","protected":false},"author":4,"featured_media":0,"parent":0,"menu_order":0,"comment_status":"closed","ping_status":"closed","template":"","meta":{"footnotes":""},"class_list":["post-460","page","type-page","status-publish","hentry"],"_links":{"self":[{"href":"https:\/\/logopaedie-hoeber.de\/index.php?rest_route=\/wp\/v2\/pages\/460","targetHints":{"allow":["GET"]}}],"collection":[{"href":"https:\/\/logopaedie-hoeber.de\/index.php?rest_route=\/wp\/v2\/pages"}],"about":[{"href":"https:\/\/logopaedie-hoeber.de\/index.php?rest_route=\/wp\/v2\/types\/page"}],"author":[{"embeddable":true,"href":"https:\/\/logopaedie-hoeber.de\/index.php?rest_route=\/wp\/v2\/users\/4"}],"replies":[{"embeddable":true,"href":"https:\/\/logopaedie-hoeber.de\/index.php?rest_route=%2Fwp%2Fv2%2Fcomments&post=460"}],"version-history":[{"count":4,"href":"https:\/\/logopaedie-hoeber.de\/index.php?rest_route=\/wp\/v2\/pages\/460\/revisions"}],"predecessor-version":[{"id":464,"href":"https:\/\/logopaedie-hoeber.de\/index.php?rest_route=\/wp\/v2\/pages\/460\/revisions\/464"}],"wp:attachment":[{"href":"https:\/\/logopaedie-hoeber.de\/index.php?rest_route=%2Fwp%2Fv2%2Fmedia&parent=460"}],"curies":[{"name":"wp","href":"https:\/\/api.w.org\/{rel}","templated":true}]}}