{"id":367,"date":"2020-01-09T23:20:24","date_gmt":"2020-01-09T22:20:24","guid":{"rendered":"http:\/\/logopaedie-hoeber.de\/?page_id=367"},"modified":"2021-11-08T22:15:15","modified_gmt":"2021-11-08T21:15:15","slug":"praxis-bad-koestritz","status":"publish","type":"page","link":"https:\/\/logopaedie-hoeber.de\/?page_id=367","title":{"rendered":"Praxis Bad K\u00f6stritz"},"content":{"rendered":"<h2>Kontakt und \u00d6ffnungszeiten<\/h2>\n<p>Goethestra\u00dfe 4<br \/>\n07586 Bad K\u00f6stritz<\/p>\n<p>Tel.: 036605 \/ 1337 24<br \/>\neMail: info (at) logopaedie-hermsdorf.de<\/p>\n<p>\u00d6ffnungszeiten:<\/p>\n<p>Termine und Hausbesuche nach Vereinbarung<\/p>\n<h2>Weitere Informationen<\/h2>\n<p><a href=\"http:\/\/logopaedie-hoeber.de\/?page_id=369\">Anfahrt zur Praxis Bad K\u00f6stritz<\/a><\/p>\n<p><a href=\"http:\/\/logopaedie-hoeber.de\/?page_id=373\">Unsere Praxis Bad K\u00f6stritz in Bildern<\/a><\/p>\n<p><a href=\"http:\/\/logopaedie-hoeber.de\/?page_id=371\">Unser Team der Praxis Bad K\u00f6stritz in\u00a0 Bildern<\/a><\/p>\n","protected":false},"excerpt":{"rendered":"<p>Kontakt und \u00d6ffnungszeiten Goethestra\u00dfe 4 07586 Bad K\u00f6stritz Tel.: 036605 \/ 1337 24 eMail: info (at) logopaedie-hermsdorf.de \u00d6ffnungszeiten: Termine und Hausbesuche nach Vereinbarung Weitere Informationen Anfahrt zur Praxis Bad K\u00f6stritz Unsere Praxis Bad K\u00f6stritz in Bildern Unser Team der Praxis Bad K\u00f6stritz in\u00a0 Bildern<\/p>\n","protected":false},"author":4,"featured_media":0,"parent":0,"menu_order":0,"comment_status":"closed","ping_status":"closed","template":"","meta":{"footnotes":""},"class_list":["post-367","page","type-page","status-publish","hentry"],"_links":{"self":[{"href":"https:\/\/logopaedie-hoeber.de\/index.php?rest_route=\/wp\/v2\/pages\/367","targetHints":{"allow":["GET"]}}],"collection":[{"href":"https:\/\/logopaedie-hoeber.de\/index.php?rest_route=\/wp\/v2\/pages"}],"about":[{"href":"https:\/\/logopaedie-hoeber.de\/index.php?rest_route=\/wp\/v2\/types\/page"}],"author":[{"embeddable":true,"href":"https:\/\/logopaedie-hoeber.de\/index.php?rest_route=\/wp\/v2\/users\/4"}],"replies":[{"embeddable":true,"href":"https:\/\/logopaedie-hoeber.de\/index.php?rest_route=%2Fwp%2Fv2%2Fcomments&post=367"}],"version-history":[{"count":3,"href":"https:\/\/logopaedie-hoeber.de\/index.php?rest_route=\/wp\/v2\/pages\/367\/revisions"}],"predecessor-version":[{"id":474,"href":"https:\/\/logopaedie-hoeber.de\/index.php?rest_route=\/wp\/v2\/pages\/367\/revisions\/474"}],"wp:attachment":[{"href":"https:\/\/logopaedie-hoeber.de\/index.php?rest_route=%2Fwp%2Fv2%2Fmedia&parent=367"}],"curies":[{"name":"wp","href":"https:\/\/api.w.org\/{rel}","templated":true}]}}