{"id":104,"date":"2017-01-25T12:09:31","date_gmt":"2017-01-25T11:09:31","guid":{"rendered":"http:\/\/s658529983.online.de\/logopaedie\/?page_id=104"},"modified":"2017-04-20T10:53:09","modified_gmt":"2017-04-20T09:53:09","slug":"hermsdorf-anfahrt","status":"publish","type":"page","link":"https:\/\/logopaedie-hoeber.de\/?page_id=104","title":{"rendered":"Hermsdorf Anfahrt"},"content":{"rendered":"<p>Hinter dem Wei\u00dfen Haus finden Sie kostenfreie Parkpl\u00e4tze. Bitte nutzen Sie bevorzugt die Pl\u00e4tze mit Schriftzug &#8222;Logop\u00e4die&#8220;, ggf. &#8222;G\u00e4ste Wei\u00dfes Haus&#8220;. Vor dem Wei\u00dfen Haus k\u00f6nnen Sie mit Parkscheibe 2 Stunden kostenfrei parken.<\/p>\n<p>Standort und Routenplanung bei <a href=\"https:\/\/www.google.de\/maps\/place\/Eisenberger+Stra\u00dfe+79,+07629+Hermsdorf\">Google Maps<\/a>.<\/p>\n","protected":false},"excerpt":{"rendered":"<p>Hinter dem Wei\u00dfen Haus finden Sie kostenfreie Parkpl\u00e4tze. Bitte nutzen Sie bevorzugt die Pl\u00e4tze mit Schriftzug &#8222;Logop\u00e4die&#8220;, ggf. &#8222;G\u00e4ste Wei\u00dfes Haus&#8220;. Vor dem Wei\u00dfen Haus k\u00f6nnen Sie mit Parkscheibe 2 Stunden kostenfrei parken. Standort und Routenplanung bei Google Maps.<\/p>\n","protected":false},"author":3,"featured_media":0,"parent":0,"menu_order":0,"comment_status":"closed","ping_status":"closed","template":"","meta":{"footnotes":""},"class_list":["post-104","page","type-page","status-publish","hentry"],"_links":{"self":[{"href":"https:\/\/logopaedie-hoeber.de\/index.php?rest_route=\/wp\/v2\/pages\/104","targetHints":{"allow":["GET"]}}],"collection":[{"href":"https:\/\/logopaedie-hoeber.de\/index.php?rest_route=\/wp\/v2\/pages"}],"about":[{"href":"https:\/\/logopaedie-hoeber.de\/index.php?rest_route=\/wp\/v2\/types\/page"}],"author":[{"embeddable":true,"href":"https:\/\/logopaedie-hoeber.de\/index.php?rest_route=\/wp\/v2\/users\/3"}],"replies":[{"embeddable":true,"href":"https:\/\/logopaedie-hoeber.de\/index.php?rest_route=%2Fwp%2Fv2%2Fcomments&post=104"}],"version-history":[{"count":2,"href":"https:\/\/logopaedie-hoeber.de\/index.php?rest_route=\/wp\/v2\/pages\/104\/revisions"}],"predecessor-version":[{"id":258,"href":"https:\/\/logopaedie-hoeber.de\/index.php?rest_route=\/wp\/v2\/pages\/104\/revisions\/258"}],"wp:attachment":[{"href":"https:\/\/logopaedie-hoeber.de\/index.php?rest_route=%2Fwp%2Fv2%2Fmedia&parent=104"}],"curies":[{"name":"wp","href":"https:\/\/api.w.org\/{rel}","templated":true}]}}